{"id":1158,"date":"2021-01-07T15:20:46","date_gmt":"2021-01-07T15:20:46","guid":{"rendered":"https:\/\/wp.kotrynabassdesign.com\/fresh\/shop\/"},"modified":"2026-01-09T11:40:05","modified_gmt":"2026-01-09T11:40:05","slug":"kortos-akimirka-mamai","status":"publish","type":"page","link":"https:\/\/auginantispokalbis.lt\/index.php\/kortos-akimirka-mamai\/","title":{"rendered":"Kortos &#8220;AKIMIRKA MAMAI&#8221;"},"content":{"rendered":"\n<p><\/p>\n\n\n\n<div class=\"wp-block-group\"><div class=\"wp-block-group__inner-container is-layout-constrained wp-block-group-is-layout-constrained\">\n<details class=\"wp-block-details is-layout-flow wp-block-details-is-layout-flow\" open><summary><\/summary>\n<div class=\"wp-block-columns is-layout-flex wp-container-core-columns-is-layout-1 wp-block-columns-is-layout-flex\">\n<div class=\"wp-block-column is-layout-flow wp-block-column-is-layout-flow\" style=\"flex-basis:100%\">\n<div class=\"wp-block-group\"><div class=\"wp-block-group__inner-container is-layout-constrained wp-block-group-is-layout-constrained\">\n<div class=\"wp-block-group\"><div class=\"wp-block-group__inner-container is-layout-constrained wp-block-group-is-layout-constrained\">\n<div class=\"wp-block-media-text is-stacked-on-mobile\" style=\"grid-template-columns:30% auto\"><figure class=\"wp-block-media-text__media\"><img loading=\"lazy\" decoding=\"async\" width=\"1024\" height=\"775\" src=\"http:\/\/auginantispokalbis.lt\/wp-content\/uploads\/2024\/12\/paveikslelis-1024x775.png\" alt=\"\" class=\"wp-image-1486 size-full\" srcset=\"https:\/\/auginantispokalbis.lt\/wp-content\/uploads\/2024\/12\/paveikslelis-1024x775.png 1024w, https:\/\/auginantispokalbis.lt\/wp-content\/uploads\/2024\/12\/paveikslelis-300x227.png 300w, https:\/\/auginantispokalbis.lt\/wp-content\/uploads\/2024\/12\/paveikslelis-768x581.png 768w, https:\/\/auginantispokalbis.lt\/wp-content\/uploads\/2024\/12\/paveikslelis-1536x1163.png 1536w, https:\/\/auginantispokalbis.lt\/wp-content\/uploads\/2024\/12\/paveikslelis-800x606.png 800w, https:\/\/auginantispokalbis.lt\/wp-content\/uploads\/2024\/12\/paveikslelis.png 2042w\" sizes=\"auto, (max-width: 1024px) 100vw, 1024px\" \/><\/figure><div class=\"wp-block-media-text__content\">\n<p>Mamos psicholog\u0117s Irmos Chmieliauskien\u0117s sukurtos kortos \u2013 tai \u017eaismingas kelias palengvinti i\u0161gyvenim\u0105 naujoje realyb\u0117je, kurioje, pasitelkusi intuicij\u0105, \u012fsipareigojimo gali\u0105 ir vidin\u012f vaik\u0105, tur\u0117si prog\u0105 pagerinti savo emocin\u0119 b\u016bsen\u0105, fizin\u0119 sveikat\u0105, santykius su partneriu ir naujai u\u017egimusiu \u017emogu\u010diu. <\/p>\n\n\n\n<p>Rinkin\u012f sudaro 70 kort\u0173. Kortos skirtos pirmakart\u0117ms ma\u017e\u0173 vaik\u0173 mamoms, nors \u017ei\u016brint k\u016brybingai puikiai tinka ir mamoms, turin\u010dioms daugiau vaik\u0173. Tai puiki dovana neseniai vaikelio susilaukusiai draugei, \u017emonai, o gal dukrai. Taip pat tai puiki dovana sau, jei greit tapsi ar neseniai tapai mama.<\/p>\n\n\n\n<p>\ud83c\udf81Kaina &#8211; AKCIJA <s>34,99 eur<\/s> 29.99 eur.<\/p>\n\n\n\n<p><strong>Kortas \u012fsigyti galima<\/strong> <a href=\"https:\/\/akimirkaman.lt\/dovana-kudikio-mamai\">\u010cIA<\/a>.<\/p>\n<\/div><\/div>\n<\/div><\/div>\n<\/div><\/div>\n<\/div>\n<\/div>\n<\/details>\n<\/div><\/div>\n\n\n\n<p><\/p>\n\n\n\n<p><strong>Kaip tai veikia?<\/strong><\/p>\n\n\n\n<p>Susikurk nauj\u0105 ritual\u0105. Gal tai laikas per pirm\u0105 vaiko miegel\u012f, galb\u016bt laikas, kai geri kav\u0105 \/ arbat\u0105, galb\u016bt vakaras, kai k\u016bdikis jau miega, galb\u016bt tai pirmas dalykas, kur\u012f padarysi, kai vyras \/ partneris i\u0161eis su vaikeliu \u012f lauk\u0105? Nori nenori, vaiko auginime yra nema\u017eai b\u0117gimo ir l\u0117kimo. Tegu kort\u0173 traukimas bus stabtel\u0117jimas. Stabtel\u0117jimas tik Tau ir d\u0117l Tav\u0119s.<\/p>\n\n\n\n<p>Taigi atsis\u0117sk, pajusk savo k\u016bn\u0105, padaryk kelet\u0105 s\u0105moning\u0173 \u012fkv\u0117pim\u0173 ir i\u0161kv\u0117pim\u0173, kelet\u0105 akimirk\u0173 pab\u016bk dabartyje. Paimk kortas, sumai\u0161yk jas, o mai\u0161ydama kreipkis \u012f savo intuicij\u0105, pas\u0105mon\u0119, t\u0105 vidin\u012f \u017einojim\u0105, kuris mus veda. Viskas ko reikia \u2013 tiesiog pasitik\u0117ti savimi ir \u0161iomis kortomis. Tavo pas\u0105mon\u0117, intuicija \u017eino, ko Tau reikia. Leisk jai kalb\u0117ti per \u0161ias kortas. I\u0161traukus kort\u0105, labai svarbu padaryti tai, kas para\u0161yta. Kartais pirma mintis gali b\u016bti, kad korta pataik\u0117 tiesiai \u012f de\u0161imtuk\u0105, o kartais gali pasirodyti, jog u\u017era\u0161as visi\u0161kai ne \u012f tem\u0105. Abiem atvejais i\u0161traukta korta yra b\u016btent tai, ko Tau reikia.<\/p>\n\n\n\n<div class=\"wp-block-group is-content-justification-center is-nowrap is-layout-flex wp-container-core-group-is-layout-4 wp-block-group-is-layout-flex\"><div class=\"wp-block-image\">\n<figure class=\"aligncenter size-large is-resized\"><img loading=\"lazy\" decoding=\"async\" width=\"646\" height=\"1024\" src=\"http:\/\/auginantispokalbis.lt\/wp-content\/uploads\/2025\/01\/20241218_092803-646x1024.png\" alt=\"\" class=\"wp-image-1499\" style=\"width:46px;height:auto\" srcset=\"https:\/\/auginantispokalbis.lt\/wp-content\/uploads\/2025\/01\/20241218_092803-646x1024.png 646w, https:\/\/auginantispokalbis.lt\/wp-content\/uploads\/2025\/01\/20241218_092803-189x300.png 189w, https:\/\/auginantispokalbis.lt\/wp-content\/uploads\/2025\/01\/20241218_092803-768x1216.png 768w, https:\/\/auginantispokalbis.lt\/wp-content\/uploads\/2025\/01\/20241218_092803.png 834w\" sizes=\"auto, (max-width: 646px) 100vw, 646px\" \/><\/figure><\/div>\n\n\n<figure class=\"wp-block-image size-large is-resized\"><img loading=\"lazy\" decoding=\"async\" width=\"1024\" height=\"473\" src=\"http:\/\/auginantispokalbis.lt\/wp-content\/uploads\/2025\/01\/20241218_091855-1-1024x473.jpg\" alt=\"\" class=\"wp-image-1505\" style=\"width:219px;height:auto\" srcset=\"https:\/\/auginantispokalbis.lt\/wp-content\/uploads\/2025\/01\/20241218_091855-1-1024x473.jpg 1024w, https:\/\/auginantispokalbis.lt\/wp-content\/uploads\/2025\/01\/20241218_091855-1-300x139.jpg 300w, https:\/\/auginantispokalbis.lt\/wp-content\/uploads\/2025\/01\/20241218_091855-1-768x355.jpg 768w, https:\/\/auginantispokalbis.lt\/wp-content\/uploads\/2025\/01\/20241218_091855-1-1536x710.jpg 1536w, https:\/\/auginantispokalbis.lt\/wp-content\/uploads\/2025\/01\/20241218_091855-1-2048x946.jpg 2048w\" sizes=\"auto, (max-width: 1024px) 100vw, 1024px\" \/><\/figure>\n\n\n\n<figure class=\"wp-block-image size-large is-resized\"><img loading=\"lazy\" decoding=\"async\" width=\"1024\" height=\"775\" src=\"http:\/\/auginantispokalbis.lt\/wp-content\/uploads\/2024\/12\/paveikslelis-1024x775.png\" alt=\"\" class=\"wp-image-1486\" style=\"width:110px;height:auto\" srcset=\"https:\/\/auginantispokalbis.lt\/wp-content\/uploads\/2024\/12\/paveikslelis-1024x775.png 1024w, https:\/\/auginantispokalbis.lt\/wp-content\/uploads\/2024\/12\/paveikslelis-300x227.png 300w, https:\/\/auginantispokalbis.lt\/wp-content\/uploads\/2024\/12\/paveikslelis-768x581.png 768w, https:\/\/auginantispokalbis.lt\/wp-content\/uploads\/2024\/12\/paveikslelis-1536x1163.png 1536w, https:\/\/auginantispokalbis.lt\/wp-content\/uploads\/2024\/12\/paveikslelis-800x606.png 800w, https:\/\/auginantispokalbis.lt\/wp-content\/uploads\/2024\/12\/paveikslelis.png 2042w\" sizes=\"auto, (max-width: 1024px) 100vw, 1024px\" \/><\/figure>\n<\/div>\n\n\n\n<div class=\"wp-block-group is-nowrap is-layout-flex wp-container-core-group-is-layout-5 wp-block-group-is-layout-flex\"><\/div>\n","protected":false},"excerpt":{"rendered":"<p>Kaip tai veikia? Susikurk nauj\u0105 ritual\u0105. Gal tai laikas per pirm\u0105 vaiko miegel\u012f, galb\u016bt laikas, kai geri kav\u0105 \/ arbat\u0105, galb\u016bt vakaras, kai k\u016bdikis jau[&#8230;]<\/p>\n","protected":false},"author":1,"featured_media":0,"parent":0,"menu_order":0,"comment_status":"closed","ping_status":"closed","template":"","meta":{"om_disable_all_campaigns":false,"_monsterinsights_skip_tracking":false,"_monsterinsights_sitenote_active":false,"_monsterinsights_sitenote_note":"","_monsterinsights_sitenote_category":0,"_themeisle_gutenberg_block_has_review":false,"footnotes":""},"class_list":["post-1158","page","type-page","status-publish","hentry"],"yoast_head":"<!-- This site is optimized with the Yoast SEO plugin v24.3 - https:\/\/yoast.com\/wordpress\/plugins\/seo\/ -->\n<title>Kortos &quot;AKIMIRKA MAMAI&quot; - Psicholog\u0117 Irma Chmieliauskien\u0117<\/title>\n<meta name=\"description\" content=\"Tai \u2013 kortos MAMAI. Mamos psicholog\u0117s Irmos Chmieliauskien\u0117 sukurtos kortos \u2013 tai \u017eaismingas kelias palengvinti i\u0161gyvenim\u0105 naujoje realyb\u0117je, kurioje, pasitelkusi intuicij\u0105, \u012fsipareigojimo gali\u0105 ir vidin\u012f vaik\u0105, tur\u0117si prog\u0105 pagerinti savo emocin\u0119 b\u016bsen\u0105, fizin\u0119 sveikat\u0105, santykius su partneriu ir naujai u\u017egimusiu \u017emogu\u010diu.\" \/>\n<meta name=\"robots\" content=\"index, follow, max-snippet:-1, max-image-preview:large, max-video-preview:-1\" \/>\n<link rel=\"canonical\" href=\"https:\/\/auginantispokalbis.lt\/index.php\/kortos-akimirka-mamai\/\" \/>\n<meta property=\"og:locale\" content=\"en_US\" \/>\n<meta property=\"og:type\" content=\"article\" \/>\n<meta property=\"og:title\" content=\"Kortos &quot;AKIMIRKA MAMAI&quot; - Psicholog\u0117 Irma Chmieliauskien\u0117\" \/>\n<meta property=\"og:description\" content=\"Tai \u2013 kortos MAMAI. Mamos psicholog\u0117s Irmos Chmieliauskien\u0117 sukurtos kortos \u2013 tai \u017eaismingas kelias palengvinti i\u0161gyvenim\u0105 naujoje realyb\u0117je, kurioje, pasitelkusi intuicij\u0105, \u012fsipareigojimo gali\u0105 ir vidin\u012f vaik\u0105, tur\u0117si prog\u0105 pagerinti savo emocin\u0119 b\u016bsen\u0105, fizin\u0119 sveikat\u0105, santykius su partneriu ir naujai u\u017egimusiu \u017emogu\u010diu.\" \/>\n<meta property=\"og:url\" content=\"https:\/\/auginantispokalbis.lt\/index.php\/kortos-akimirka-mamai\/\" \/>\n<meta property=\"og:site_name\" content=\"Psicholog\u0117 Irma Chmieliauskien\u0117\" \/>\n<meta property=\"article:modified_time\" content=\"2026-01-09T11:40:05+00:00\" \/>\n<meta property=\"og:image\" content=\"https:\/\/auginantispokalbis.lt\/wp-content\/uploads\/2024\/12\/paveikslelis-1024x775.png\" \/>\n\t<meta property=\"og:image:width\" content=\"1024\" \/>\n\t<meta property=\"og:image:height\" content=\"775\" \/>\n\t<meta property=\"og:image:type\" content=\"image\/png\" \/>\n<meta name=\"twitter:card\" content=\"summary_large_image\" \/>\n<meta name=\"twitter:label1\" content=\"Est. reading time\" \/>\n\t<meta name=\"twitter:data1\" content=\"2 minutes\" \/>\n<script type=\"application\/ld+json\" class=\"yoast-schema-graph\">{\"@context\":\"https:\/\/schema.org\",\"@graph\":[{\"@type\":\"WebPage\",\"@id\":\"https:\/\/auginantispokalbis.lt\/index.php\/kortos-akimirka-mamai\/\",\"url\":\"https:\/\/auginantispokalbis.lt\/index.php\/kortos-akimirka-mamai\/\",\"name\":\"Kortos \\\"AKIMIRKA MAMAI\\\" - Psicholog\u0117 Irma Chmieliauskien\u0117\",\"isPartOf\":{\"@id\":\"https:\/\/auginantispokalbis.lt\/#website\"},\"primaryImageOfPage\":{\"@id\":\"https:\/\/auginantispokalbis.lt\/index.php\/kortos-akimirka-mamai\/#primaryimage\"},\"image\":{\"@id\":\"https:\/\/auginantispokalbis.lt\/index.php\/kortos-akimirka-mamai\/#primaryimage\"},\"thumbnailUrl\":\"http:\/\/auginantispokalbis.lt\/wp-content\/uploads\/2024\/12\/paveikslelis-1024x775.png\",\"datePublished\":\"2021-01-07T15:20:46+00:00\",\"dateModified\":\"2026-01-09T11:40:05+00:00\",\"description\":\"Tai \u2013 kortos MAMAI. Mamos psicholog\u0117s Irmos Chmieliauskien\u0117 sukurtos kortos \u2013 tai \u017eaismingas kelias palengvinti i\u0161gyvenim\u0105 naujoje realyb\u0117je, kurioje, pasitelkusi intuicij\u0105, \u012fsipareigojimo gali\u0105 ir vidin\u012f vaik\u0105, tur\u0117si prog\u0105 pagerinti savo emocin\u0119 b\u016bsen\u0105, fizin\u0119 sveikat\u0105, santykius su partneriu ir naujai u\u017egimusiu \u017emogu\u010diu.\",\"breadcrumb\":{\"@id\":\"https:\/\/auginantispokalbis.lt\/index.php\/kortos-akimirka-mamai\/#breadcrumb\"},\"inLanguage\":\"en-US\",\"potentialAction\":[{\"@type\":\"ReadAction\",\"target\":[\"https:\/\/auginantispokalbis.lt\/index.php\/kortos-akimirka-mamai\/\"]}]},{\"@type\":\"ImageObject\",\"inLanguage\":\"en-US\",\"@id\":\"https:\/\/auginantispokalbis.lt\/index.php\/kortos-akimirka-mamai\/#primaryimage\",\"url\":\"https:\/\/auginantispokalbis.lt\/wp-content\/uploads\/2024\/12\/paveikslelis.png\",\"contentUrl\":\"https:\/\/auginantispokalbis.lt\/wp-content\/uploads\/2024\/12\/paveikslelis.png\",\"width\":2042,\"height\":1546},{\"@type\":\"BreadcrumbList\",\"@id\":\"https:\/\/auginantispokalbis.lt\/index.php\/kortos-akimirka-mamai\/#breadcrumb\",\"itemListElement\":[{\"@type\":\"ListItem\",\"position\":1,\"name\":\"Home\",\"item\":\"https:\/\/auginantispokalbis.lt\/\"},{\"@type\":\"ListItem\",\"position\":2,\"name\":\"Kortos &#8220;AKIMIRKA MAMAI&#8221;\"}]},{\"@type\":\"WebSite\",\"@id\":\"https:\/\/auginantispokalbis.lt\/#website\",\"url\":\"https:\/\/auginantispokalbis.lt\/\",\"name\":\"Psicholog\u0117 Irma Chmieliauskien\u0117\",\"description\":\"Individualios psichologin\u0117s konsultacijos internetu ir Klaip\u0117doje, bei \u012frankiai pad\u0117siantys gyventi pilnavert\u012f, laiming\u0105, autenti\u0161k\u0105 gyvenim\u0105.\",\"publisher\":{\"@id\":\"https:\/\/auginantispokalbis.lt\/#\/schema\/person\/2bf90e556f9aeaadc9530f370217526f\"},\"potentialAction\":[{\"@type\":\"SearchAction\",\"target\":{\"@type\":\"EntryPoint\",\"urlTemplate\":\"https:\/\/auginantispokalbis.lt\/?s={search_term_string}\"},\"query-input\":{\"@type\":\"PropertyValueSpecification\",\"valueRequired\":true,\"valueName\":\"search_term_string\"}}],\"inLanguage\":\"en-US\"},{\"@type\":[\"Person\",\"Organization\"],\"@id\":\"https:\/\/auginantispokalbis.lt\/#\/schema\/person\/2bf90e556f9aeaadc9530f370217526f\",\"name\":\"Psicholog\u0117 Irma Chmieliauskien\u0117\",\"image\":{\"@type\":\"ImageObject\",\"inLanguage\":\"en-US\",\"@id\":\"https:\/\/auginantispokalbis.lt\/#\/schema\/person\/image\/\",\"url\":\"https:\/\/auginantispokalbis.lt\/wp-content\/uploads\/2022\/11\/cropped-cropped-Untitled-2.png\",\"contentUrl\":\"https:\/\/auginantispokalbis.lt\/wp-content\/uploads\/2022\/11\/cropped-cropped-Untitled-2.png\",\"width\":371,\"height\":192,\"caption\":\"Psicholog\u0117 Irma Chmieliauskien\u0117\"},\"logo\":{\"@id\":\"https:\/\/auginantispokalbis.lt\/#\/schema\/person\/image\/\"},\"sameAs\":[\"https:\/\/auginantispokalbis.lt\/\",\"https:\/\/www.instagram.com\/irma.happy\"]}]}<\/script>\n<!-- \/ Yoast SEO plugin. -->","yoast_head_json":{"title":"Kortos \"AKIMIRKA MAMAI\" - Psicholog\u0117 Irma Chmieliauskien\u0117","description":"Tai \u2013 kortos MAMAI. Mamos psicholog\u0117s Irmos Chmieliauskien\u0117 sukurtos kortos \u2013 tai \u017eaismingas kelias palengvinti i\u0161gyvenim\u0105 naujoje realyb\u0117je, kurioje, pasitelkusi intuicij\u0105, \u012fsipareigojimo gali\u0105 ir vidin\u012f vaik\u0105, tur\u0117si prog\u0105 pagerinti savo emocin\u0119 b\u016bsen\u0105, fizin\u0119 sveikat\u0105, santykius su partneriu ir naujai u\u017egimusiu \u017emogu\u010diu.","robots":{"index":"index","follow":"follow","max-snippet":"max-snippet:-1","max-image-preview":"max-image-preview:large","max-video-preview":"max-video-preview:-1"},"canonical":"https:\/\/auginantispokalbis.lt\/index.php\/kortos-akimirka-mamai\/","og_locale":"en_US","og_type":"article","og_title":"Kortos \"AKIMIRKA MAMAI\" - Psicholog\u0117 Irma Chmieliauskien\u0117","og_description":"Tai \u2013 kortos MAMAI. Mamos psicholog\u0117s Irmos Chmieliauskien\u0117 sukurtos kortos \u2013 tai \u017eaismingas kelias palengvinti i\u0161gyvenim\u0105 naujoje realyb\u0117je, kurioje, pasitelkusi intuicij\u0105, \u012fsipareigojimo gali\u0105 ir vidin\u012f vaik\u0105, tur\u0117si prog\u0105 pagerinti savo emocin\u0119 b\u016bsen\u0105, fizin\u0119 sveikat\u0105, santykius su partneriu ir naujai u\u017egimusiu \u017emogu\u010diu.","og_url":"https:\/\/auginantispokalbis.lt\/index.php\/kortos-akimirka-mamai\/","og_site_name":"Psicholog\u0117 Irma Chmieliauskien\u0117","article_modified_time":"2026-01-09T11:40:05+00:00","og_image":[{"width":1024,"height":775,"url":"https:\/\/auginantispokalbis.lt\/wp-content\/uploads\/2024\/12\/paveikslelis-1024x775.png","type":"image\/png"}],"twitter_card":"summary_large_image","twitter_misc":{"Est. reading time":"2 minutes"},"schema":{"@context":"https:\/\/schema.org","@graph":[{"@type":"WebPage","@id":"https:\/\/auginantispokalbis.lt\/index.php\/kortos-akimirka-mamai\/","url":"https:\/\/auginantispokalbis.lt\/index.php\/kortos-akimirka-mamai\/","name":"Kortos \"AKIMIRKA MAMAI\" - Psicholog\u0117 Irma Chmieliauskien\u0117","isPartOf":{"@id":"https:\/\/auginantispokalbis.lt\/#website"},"primaryImageOfPage":{"@id":"https:\/\/auginantispokalbis.lt\/index.php\/kortos-akimirka-mamai\/#primaryimage"},"image":{"@id":"https:\/\/auginantispokalbis.lt\/index.php\/kortos-akimirka-mamai\/#primaryimage"},"thumbnailUrl":"http:\/\/auginantispokalbis.lt\/wp-content\/uploads\/2024\/12\/paveikslelis-1024x775.png","datePublished":"2021-01-07T15:20:46+00:00","dateModified":"2026-01-09T11:40:05+00:00","description":"Tai \u2013 kortos MAMAI. Mamos psicholog\u0117s Irmos Chmieliauskien\u0117 sukurtos kortos \u2013 tai \u017eaismingas kelias palengvinti i\u0161gyvenim\u0105 naujoje realyb\u0117je, kurioje, pasitelkusi intuicij\u0105, \u012fsipareigojimo gali\u0105 ir vidin\u012f vaik\u0105, tur\u0117si prog\u0105 pagerinti savo emocin\u0119 b\u016bsen\u0105, fizin\u0119 sveikat\u0105, santykius su partneriu ir naujai u\u017egimusiu \u017emogu\u010diu.","breadcrumb":{"@id":"https:\/\/auginantispokalbis.lt\/index.php\/kortos-akimirka-mamai\/#breadcrumb"},"inLanguage":"en-US","potentialAction":[{"@type":"ReadAction","target":["https:\/\/auginantispokalbis.lt\/index.php\/kortos-akimirka-mamai\/"]}]},{"@type":"ImageObject","inLanguage":"en-US","@id":"https:\/\/auginantispokalbis.lt\/index.php\/kortos-akimirka-mamai\/#primaryimage","url":"https:\/\/auginantispokalbis.lt\/wp-content\/uploads\/2024\/12\/paveikslelis.png","contentUrl":"https:\/\/auginantispokalbis.lt\/wp-content\/uploads\/2024\/12\/paveikslelis.png","width":2042,"height":1546},{"@type":"BreadcrumbList","@id":"https:\/\/auginantispokalbis.lt\/index.php\/kortos-akimirka-mamai\/#breadcrumb","itemListElement":[{"@type":"ListItem","position":1,"name":"Home","item":"https:\/\/auginantispokalbis.lt\/"},{"@type":"ListItem","position":2,"name":"Kortos &#8220;AKIMIRKA MAMAI&#8221;"}]},{"@type":"WebSite","@id":"https:\/\/auginantispokalbis.lt\/#website","url":"https:\/\/auginantispokalbis.lt\/","name":"Psicholog\u0117 Irma Chmieliauskien\u0117","description":"Individualios psichologin\u0117s konsultacijos internetu ir Klaip\u0117doje, bei \u012frankiai pad\u0117siantys gyventi pilnavert\u012f, laiming\u0105, autenti\u0161k\u0105 gyvenim\u0105.","publisher":{"@id":"https:\/\/auginantispokalbis.lt\/#\/schema\/person\/2bf90e556f9aeaadc9530f370217526f"},"potentialAction":[{"@type":"SearchAction","target":{"@type":"EntryPoint","urlTemplate":"https:\/\/auginantispokalbis.lt\/?s={search_term_string}"},"query-input":{"@type":"PropertyValueSpecification","valueRequired":true,"valueName":"search_term_string"}}],"inLanguage":"en-US"},{"@type":["Person","Organization"],"@id":"https:\/\/auginantispokalbis.lt\/#\/schema\/person\/2bf90e556f9aeaadc9530f370217526f","name":"Psicholog\u0117 Irma Chmieliauskien\u0117","image":{"@type":"ImageObject","inLanguage":"en-US","@id":"https:\/\/auginantispokalbis.lt\/#\/schema\/person\/image\/","url":"https:\/\/auginantispokalbis.lt\/wp-content\/uploads\/2022\/11\/cropped-cropped-Untitled-2.png","contentUrl":"https:\/\/auginantispokalbis.lt\/wp-content\/uploads\/2022\/11\/cropped-cropped-Untitled-2.png","width":371,"height":192,"caption":"Psicholog\u0117 Irma Chmieliauskien\u0117"},"logo":{"@id":"https:\/\/auginantispokalbis.lt\/#\/schema\/person\/image\/"},"sameAs":["https:\/\/auginantispokalbis.lt\/","https:\/\/www.instagram.com\/irma.happy"]}]}},"_links":{"self":[{"href":"https:\/\/auginantispokalbis.lt\/index.php\/wp-json\/wp\/v2\/pages\/1158","targetHints":{"allow":["GET"]}}],"collection":[{"href":"https:\/\/auginantispokalbis.lt\/index.php\/wp-json\/wp\/v2\/pages"}],"about":[{"href":"https:\/\/auginantispokalbis.lt\/index.php\/wp-json\/wp\/v2\/types\/page"}],"author":[{"embeddable":true,"href":"https:\/\/auginantispokalbis.lt\/index.php\/wp-json\/wp\/v2\/users\/1"}],"replies":[{"embeddable":true,"href":"https:\/\/auginantispokalbis.lt\/index.php\/wp-json\/wp\/v2\/comments?post=1158"}],"version-history":[{"count":20,"href":"https:\/\/auginantispokalbis.lt\/index.php\/wp-json\/wp\/v2\/pages\/1158\/revisions"}],"predecessor-version":[{"id":1544,"href":"https:\/\/auginantispokalbis.lt\/index.php\/wp-json\/wp\/v2\/pages\/1158\/revisions\/1544"}],"wp:attachment":[{"href":"https:\/\/auginantispokalbis.lt\/index.php\/wp-json\/wp\/v2\/media?parent=1158"}],"curies":[{"name":"wp","href":"https:\/\/api.w.org\/{rel}","templated":true}]}}